 of r?
8
Let w be ((-1)/2)/(0 + 1/(-284)). What is the hundreds digit of w + ((-12)/9 + 2)*6?
1
Suppose -27*p - 5*g = -28*p + 3798, -3*p + 11466 = 3*g. What is the hundreds digit of p?
8
Let l = 38 + 67. Let c = 161 - l. What is the tens digit of c?
5
Let c be (-190)/(-4)*6/5. Suppose -5*p = -5*w + 742 - c, -3*w + 4*p + 414 = 0. What is the units digit of w?
4
Let w be (-61)/3 - (-3)/9. Suppose -x + 3 = 2*u - u, -x = -5*u + 45. Let d = u - w. What is the units digit of d?
8
Suppose 0 = -5*n - 5 + 10. Let x be (n*(-45)/(-1))/1. Suppose -3*r + 3 = -x. What is the units digit of r?
6
Suppose -2*v + 8 = -2. Suppose p - 743 = -5*d, -6*d + 2*d = v*p - 607. What is the units digit of d?
8
Let g(o) = 5*o**2 - 7*o + 45. What is the units digit of g(15)?
5
Let j be 173/7 - (-4)/14. Suppose -3*b + 5 = c, -b = 5*c - 5*b - j. Suppose 5*y - c = 35. What is the units digit of y?
8
Let w(k) = -k**3 + 10*k**2 - 7. Let j(q) = -q - 12. Let n be j(-20). What is the units digit of w(n)?
1
What is the units digit of (-42)/(-105) - (-1658)/5?
2
Let b(j) = -j**2 + 4*j + 10. Let o be b(6). Let q(y) = y - 3. Let p(a) = -1. Let f(g) = 5*p(g) - 2*q(g). What is the units digit of f(o)?
5
Let y = 14 - 27. Let z = 16 + y. Suppose q = t - 2, 2*t - z*q + 0*q + 1 = 0. What is the units digit of t?
7
Suppose 0 = 4*m - 5*t + 4, -3*m + 20 = m + t. Suppose -3*s + 102 = -s + m*c, 5*s - 3*c - 255 = 0. What is the tens digit of s?
5
Suppose 1192 = z - 3*b + 123, 2114 = 2*z + 2*b. What is the units digit of z?
0
Let n(b) = 41*b**2 - 1. Let o be (-3 + 39/12)*4. Let m be n(o). What is the units digit of (6/(-5))/((-12)/m)?
4
Suppose 3*l + 5*v - 584 = 0, -208 = -0*l - l - 5*v. What is the hundreds digit of l?
1
Suppose 1122 + 2110 = 4*d. What is the tens digit of d?
0
Let j be (0 - -1)/1*4. Let l(c) = -3*c**3 - j*c - 4*c + 7*c. What is the units digit of l(-1)?
4
Suppose 303 = 7*z - 3113. What is the units digit of z?
8
Suppose -14*v - 4*h + 3490 = -11*v, -5*v - h + 5794 = 0. What is the tens digit of v?
5
Let w(z) = -z**2 - 16*z + 28. Let v be w(-12). Suppose v = 9*c - 5*c. What is the tens digit of c?
1
Suppose 89 - 13 = 2*w. Let u = w + 15. What is the units digit of u?
3
Let k(l) = l**3 + 4*l**2 - 19*l - 34. What is the tens digit of k(9)?
4
Suppose 6*s = 537 + 315. What is the tens digit of s?
4
Let a = -393 - -3526. What is the tens digit of a?
3
Suppose f - 22 = -5*m, 4*m - 25 - 10 = 5*f. Let c = 6 + f. Suppose -p + 113 = 3*g, 5*g - 2 = -c*p + 193. What is the units digit of g?
6
Let m(i) = 9*i**2 + i**3 + 1 - 9*i - 3 - 3*i. Suppose 9*g + 72 = -18. What is the units digit of m(g)?
8
Let p(j) = 4*j**2 + 13*j + 6. Suppose -4*w - 3*y - 5 - 42 = 0, -2*w - 31 = 3*y. What is the hundreds digit of p(w)?
1
Suppose -3*o - 6 + 18 = 0. Suppose 3*u - 4*f = 16, -2*u + o*f + 5 + 7 = 0. Suppose 21 = -y + u*y. What is the units digit of y?
7
Let j be ((-1)/(-2))/(1*(-2)/(-380)). Suppose -h - 172 = -5*l + 3*l, -5*h - j = -l. What is the tens digit of l?
8
Suppose 0 = -5*m - 9*m + 2184. What is the units digit of m?
6
What is the thousands digit of 3*28/(-21) + 1 + 1893?
1
Suppose 4*b + 1447 = 5*t, 0*t + 5*t - 2*b - 1441 = 0. What is the units digit of t?
7
Let t(y) = y**3 - 4*y**2 - 5*y + 8. Let b be t(5). Let a(h) = 11*h + 9. What is the units digit of a(b)?
7
Suppose 2*q = -2*q + 40. Suppose t = -3*a - 1 + q, -a - 61 = -5*t. What is the tens digit of t?
1
Let q be -3 + 12/2 - 0. Suppose -3 = 3*x - 15, -3*x = -q*i - 6. Suppose 0 = -p + 2*s + 17, 2 + 34 = i*p - 3*s. What is the tens digit of p?
2
Let s = -95 + 266. Suppose -4*k - 2*q - 182 = 0, -5*k + q - s - 74 = 0. Let a = k + 85. What is the tens digit of a?
3
Let o(v) = -v**3 + 8*v**2 + 3*v - 7. Let c = 1 + 5. Let n be o(c). Suppose 31 = 6*l - n. What is the tens digit of l?
1
Let u(a) = -a + 9. Let l be u(5). Let p be 3 - (-68)/(-24) - 3/18. Suppose -l*g = -p*g - 100. What is the units digit of g?
5
Let m = 64 - 75. Let b(h) = h + 1. Let i be b(-4). What is the tens digit of -2 + m*(i - -1)?
2
Let d be 124/(-14) - (-15)/(-105). Let z be 7 + -1 + 13 + d. Suppose -z = -2*j + 56. What is the tens digit of j?
3
Suppose -392*g + 1218 = -386*g. What is the hundreds digit of g?
2
Let z = 5 + -7. Let o be 4 - ((z - -4) + -1). Suppose o*b - 2 - 103 = -2*l, 5*l + 3*b - 258 = 0. What is the units digit of l?
1
Let b be 6*2/3 - 1. Let y be (-4)/((-4)/b) - 3. Suppose 4*j - 62 = -2*p, 5*p + y*j - 150 = -5*j. What is the tens digit of p?
2
What is the tens digit of 1017/6 + (-1)/(-2)?
7
Let c(z) be the first derivative of -1/4*z**4 - 5 + 2*z**3 + 10*z + 4*z**2. What is the tens digit of c(7)?
1
Let s(i) be the first derivative of -i**2 - 8*i - 1. Let r(q) = -q + 5. Let j be r(15). What is the units digit of s(j)?
2
Let y be -2 - 17/(136/(-48)). Suppose c = -0*c + 176. Suppose v - y*d + c = 4*v, 112 = 2*v + 4*d. What is the tens digit of v?
6
Suppose 4*x - 20 = 2*o, 2*x = 3*o + o + 16. Suppose -3*k + x*d + 275 = -0*k, -k + 5*d = -77. What is the units digit of k?
7
Suppose -12240 = -17*c + 13362. What is the units digit of c?
6
Suppose 3 = -4*k + 15. Suppose -2*u + 3*b - 80 = -k*u, 2*u - 115 = 3*b. What is the tens digit of u?
6
Let p(i) = i**2 - 6*i + 8. Let y be p(5). Suppose c = -y*c, 3*r = c + 522. What is the hundreds digit of r?
1
Let b = 2127 + -1346. What is the hundreds digit of b?
7
Let o(x) = 70*x**2 - 38*x - 192. What is the hundreds digit of o(-5)?
7
Let d be 3/6 + (-98)/(-4). What is the units digit of 4/((-20)/d) + 181?
6
Suppose 164*u - 12 = 163*u. What is the tens digit of u?
1
What is the tens digit of (2 - -314) + (0 + 0)/7?
1
Let i = 767 - -265. What is the thousands digit of i?
1
Let v = 13 - 13. What is the units digit of (-35)/(-5)*(v + 1)?
7
Let o(j) = j**3 - 11*j**2 + 11*j - 7. Let c be 12 - 4/(-6)*-3. Let p be o(c). Suppose -3*s + 9 = -a - 32, p*s - 35 = -2*a. What is the units digit of s?
3
Let q(a) = 42*a**2 - a + 1. What is the tens digit of q(2)?
6
Suppose 7*d - 5752 = 2746. What is the units digit of d?
4
Suppose 5*d = 1069 + 761. Suppose -5*g + d = -9. What is the units digit of g?
5
Suppose 181*t - 176*t - 5665 = 0. What is the hundreds digit of t?
1
What is the hundreds digit of (-16 + 366)*2/2?
3
Let y = -281 + 731. What is the units digit of y?
0
Let f(i) = 57*i + 8. Let k(y) = 85*y + 12. Let w(n) = -7*f(n) + 5*k(n). What is the hundreds digit of w(10)?
2
Let s = -13 - -16. Suppose 3*t = -3*z + 231, -2*z = -3*z + s*t + 81. What is the tens digit of z?
7
Suppose -2*b + 0*b = -8. Suppose 6 = b*z - 34. Suppose -4*r + 3*d = -126, 0*d = -5*d - z. What is the tens digit of r?
3
Let m = -3125 + 4632. What is the tens digit of m?
0
Let r(z) = z + 3. Let u be r(-3). Suppose -v - 6 + 11 = u. Suppose v*x + 0 - 30 = 0. What is the units digit of x?
6
Let o(h) be the second derivative of -h**5/20 - 2*h**4/3 + 4*h**3/3 + 7*h**2/2 + 2*h. Let r be o(-8). Let u = r - -84. What is the units digit of u?
7
Let f be 2/(-5) + (-2520)/(-50). Let p = 98 - f. Suppose 0 = -5*x - x + p. What is the units digit of x?
8
Let z(q) = -q**2 - q + 2. Let a be z(-4). Let s be 4/a + (-35)/(-25). What is the units digit of -7*(33/(-21) - s)?
8
Let u(l) = -546*l + 192. What is the thousands digit of u(-9)?
5
Let g(l) = 29*l - 8. Suppose -3*m - 25 = -8*m. What is the tens digit of g(m)?
3
Let n = -7 + 11. Suppose -2*j - 5*t + 7 = 18, 3*j - n*t = 41. Let q(p) = p + 4. What is the tens digit of q(j)?
1
Suppose h + 0*h - 3*w - 22 = 0, 4*w = 5*h - 143. What is the tens digit of h?
3
Let r be 3/3 + -6 + -2. Let z = r - -159. What is the hundreds digit of z?
1
Suppose q = 5*y - 16, 0*y - 4*q + 24 = 2*y. Suppose 0 = y*a + 5*z - 26, z = -4*a + 18 - 0. What is the units digit of 74/8 - 1/a?
9
What is the hundreds digit of 12/8*-2 - (-463 + 0)?
4
Let g be (-12)/20 + (-2)/5. What is the tens digit of 175 - (4 + 4/g)?
7
What is the tens digit of ((-96)/(-7))/(1/7)?
9
Let a be (-40)/(-15)*(-18)/(-4). Suppose 2*j - 3*j + a = 3*p, 3*j = 4*p - 29. Suppose -p*k + 155 + 58 = -v, -4*v = -8. What is the units digit of k?
3
Suppose -h = -4*h + 177. Let m be 2 - (-1 + 26*-1). Let u = h - m. What is the units digit of u?
0
Suppose 5*c + 7737 = 4*s - 0*c, -1943 = -s + 3*c. What is the tens digit of s?
2
Let c(r) = r + 2. Suppose 3*z = 5*z - 4. Let k be c(z). Suppose -4*i - k*n + 